{"id":1300,"date":"2024-11-22T16:29:03","date_gmt":"2024-11-22T15:29:03","guid":{"rendered":"https:\/\/romanschoell.com\/?page_id=1300"},"modified":"2025-08-13T20:43:03","modified_gmt":"2025-08-13T18:43:03","slug":"pressebilder","status":"publish","type":"page","link":"https:\/\/romanschoell.com\/?page_id=1300","title":{"rendered":"Pressebilder"},"content":{"rendered":"\n<p class=\"wp-block-paragraph\">F\u00fcr Medienvertreter werden hier hochaufl\u00f6sende Bilder zur Verf\u00fcgung gestellt, die f\u00fcr redaktionelle Zwecke verwendet werden k\u00f6nnen. Bitte beachten Sie, dass die Bilder urheberrechtlich gesch\u00fctzt sind. Die Nutzung der Bilder ist im Rahmen der Berichterstattung \u00fcber Roman Sch\u00f6ll mit Angabe des jeweils genannten Urhebers gestattet.<\/p>\n\n\n\n<figure class=\"wp-block-gallery has-nested-images columns-default is-cropped wp-block-gallery-1 is-layout-flex wp-block-gallery-is-layout-flex\">\n<figure class=\"wp-block-image size-large\"><img data-recalc-dims=\"1\" fetchpriority=\"high\" decoding=\"async\" width=\"683\" height=\"1024\" data-attachment-id=\"1887\" data-permalink=\"https:\/\/romanschoell.com\/?attachment_id=1887\" data-orig-file=\"https:\/\/i0.wp.com\/romanschoell.com\/wp-content\/uploads\/2025\/08\/D2A9025-Bearbeitet_20250313_fotomtina-edited.jpg?fit=3643%2C5461&amp;ssl=1\" data-orig-size=\"3643,5461\" data-comments-opened=\"1\" data-image-meta=\"{&quot;aperture&quot;:&quot;2.8&quot;,&quot;credit&quot;:&quot;Tom Ulrich&quot;,&quot;camera&quot;:&quot;Canon EOS R5&quot;,&quot;caption&quot;:&quot;&quot;,&quot;created_timestamp&quot;:&quot;1741896968&quot;,&quot;copyright&quot;:&quot;fotomtina&quot;,&quot;focal_length&quot;:&quot;70&quot;,&quot;iso&quot;:&quot;500&quot;,&quot;shutter_speed&quot;:&quot;0.005&quot;,&quot;title&quot;:&quot;&quot;,&quot;orientation&quot;:&quot;0&quot;}\" data-image-title=\"_D2A9025-Bearbeitet_20250313_fotomtina\" data-image-description=\"\" data-image-caption=\"\" data-large-file=\"https:\/\/i0.wp.com\/romanschoell.com\/wp-content\/uploads\/2025\/08\/D2A9025-Bearbeitet_20250313_fotomtina-edited.jpg?fit=683%2C1024&amp;ssl=1\" data-id=\"1887\" src=\"https:\/\/i0.wp.com\/romanschoell.com\/wp-content\/uploads\/2025\/08\/D2A9025-Bearbeitet_20250313_fotomtina-edited-683x1024.jpg?resize=683%2C1024&#038;ssl=1\" alt=\"\" class=\"wp-image-1887\" srcset=\"https:\/\/i0.wp.com\/romanschoell.com\/wp-content\/uploads\/2025\/08\/D2A9025-Bearbeitet_20250313_fotomtina-edited.jpg?resize=683%2C1024&amp;ssl=1 683w, https:\/\/i0.wp.com\/romanschoell.com\/wp-content\/uploads\/2025\/08\/D2A9025-Bearbeitet_20250313_fotomtina-edited.jpg?resize=200%2C300&amp;ssl=1 200w, https:\/\/i0.wp.com\/romanschoell.com\/wp-content\/uploads\/2025\/08\/D2A9025-Bearbeitet_20250313_fotomtina-edited.jpg?resize=768%2C1151&amp;ssl=1 768w, https:\/\/i0.wp.com\/romanschoell.com\/wp-content\/uploads\/2025\/08\/D2A9025-Bearbeitet_20250313_fotomtina-edited.jpg?resize=1025%2C1536&amp;ssl=1 1025w, https:\/\/i0.wp.com\/romanschoell.com\/wp-content\/uploads\/2025\/08\/D2A9025-Bearbeitet_20250313_fotomtina-edited.jpg?resize=1366%2C2048&amp;ssl=1 1366w, https:\/\/i0.wp.com\/romanschoell.com\/wp-content\/uploads\/2025\/08\/D2A9025-Bearbeitet_20250313_fotomtina-edited.jpg?resize=1200%2C1799&amp;ssl=1 1200w, https:\/\/i0.wp.com\/romanschoell.com\/wp-content\/uploads\/2025\/08\/D2A9025-Bearbeitet_20250313_fotomtina-edited.jpg?w=2000&amp;ssl=1 2000w, https:\/\/i0.wp.com\/romanschoell.com\/wp-content\/uploads\/2025\/08\/D2A9025-Bearbeitet_20250313_fotomtina-edited.jpg?w=3000&amp;ssl=1 3000w\" sizes=\"(max-width: 683px) 100vw, 683px\" \/><figcaption class=\"wp-element-caption\"><strong>\u00a9<\/strong>: Tom Ulrich<\/figcaption><\/figure>\n\n\n\n<figure class=\"wp-block-image size-large\"><img data-recalc-dims=\"1\" decoding=\"async\" width=\"1024\" height=\"683\" data-attachment-id=\"1433\" data-permalink=\"https:\/\/romanschoell.com\/?attachment_id=1433\" data-orig-file=\"https:\/\/i0.wp.com\/romanschoell.com\/wp-content\/uploads\/2024\/11\/IMG_2333-1.jpg?fit=6240%2C4160&amp;ssl=1\" data-orig-size=\"6240,4160\" data-comments-opened=\"1\" data-image-meta=\"{&quot;aperture&quot;:&quot;9&quot;,&quot;credit&quot;:&quot;IVAN MARTI&quot;,&quot;camera&quot;:&quot;Canon EOS 6D Mark II&quot;,&quot;caption&quot;:&quot;&quot;,&quot;created_timestamp&quot;:&quot;1726320328&quot;,&quot;copyright&quot;:&quot;MARTI PHOTOGRAPY&quot;,&quot;focal_length&quot;:&quot;57&quot;,&quot;iso&quot;:&quot;200&quot;,&quot;shutter_speed&quot;:&quot;0.00625&quot;,&quot;title&quot;:&quot;&quot;,&quot;orientation&quot;:&quot;1&quot;}\" data-image-title=\"IMG_2333\" data-image-description=\"\" data-image-caption=\"\" data-large-file=\"https:\/\/i0.wp.com\/romanschoell.com\/wp-content\/uploads\/2024\/11\/IMG_2333-1.jpg?fit=1024%2C683&amp;ssl=1\" data-id=\"1433\" src=\"https:\/\/i0.wp.com\/romanschoell.com\/wp-content\/uploads\/2024\/11\/IMG_2333-1.jpg?resize=1024%2C683&#038;ssl=1\" alt=\"\" class=\"wp-image-1433\" srcset=\"https:\/\/i0.wp.com\/romanschoell.com\/wp-content\/uploads\/2024\/11\/IMG_2333-1.jpg?resize=1024%2C683&amp;ssl=1 1024w, https:\/\/i0.wp.com\/romanschoell.com\/wp-content\/uploads\/2024\/11\/IMG_2333-1.jpg?resize=300%2C200&amp;ssl=1 300w, https:\/\/i0.wp.com\/romanschoell.com\/wp-content\/uploads\/2024\/11\/IMG_2333-1.jpg?resize=768%2C512&amp;ssl=1 768w, https:\/\/i0.wp.com\/romanschoell.com\/wp-content\/uploads\/2024\/11\/IMG_2333-1.jpg?resize=1536%2C1024&amp;ssl=1 1536w, https:\/\/i0.wp.com\/romanschoell.com\/wp-content\/uploads\/2024\/11\/IMG_2333-1.jpg?resize=2048%2C1365&amp;ssl=1 2048w, https:\/\/i0.wp.com\/romanschoell.com\/wp-content\/uploads\/2024\/11\/IMG_2333-1.jpg?resize=1200%2C800&amp;ssl=1 1200w, https:\/\/i0.wp.com\/romanschoell.com\/wp-content\/uploads\/2024\/11\/IMG_2333-1.jpg?w=3000&amp;ssl=1 3000w\" sizes=\"(max-width: 1000px) 100vw, 1000px\" \/><figcaption class=\"wp-element-caption\"><strong>\u00a9<\/strong>: Ivan Marti<\/figcaption><\/figure>\n\n\n\n<figure class=\"wp-block-image size-large\"><img data-recalc-dims=\"1\" decoding=\"async\" width=\"1024\" height=\"683\" data-attachment-id=\"1435\" data-permalink=\"https:\/\/romanschoell.com\/?attachment_id=1435\" data-orig-file=\"https:\/\/i0.wp.com\/romanschoell.com\/wp-content\/uploads\/2024\/11\/Kongress_2024-309.jpg?fit=6000%2C4000&amp;ssl=1\" data-orig-size=\"6000,4000\" data-comments-opened=\"1\" data-image-meta=\"{&quot;aperture&quot;:&quot;3.5&quot;,&quot;credit&quot;:&quot;&quot;,&quot;camera&quot;:&quot;ILCE-7M3&quot;,&quot;caption&quot;:&quot;&quot;,&quot;created_timestamp&quot;:&quot;1711286588&quot;,&quot;copyright&quot;:&quot;&quot;,&quot;focal_length&quot;:&quot;75&quot;,&quot;iso&quot;:&quot;3200&quot;,&quot;shutter_speed&quot;:&quot;0.004&quot;,&quot;title&quot;:&quot;&quot;,&quot;orientation&quot;:&quot;0&quot;}\" data-image-title=\"Kongress_2024-309\" data-image-description=\"\" data-image-caption=\"\" data-large-file=\"https:\/\/i0.wp.com\/romanschoell.com\/wp-content\/uploads\/2024\/11\/Kongress_2024-309.jpg?fit=1024%2C683&amp;ssl=1\" data-id=\"1435\" src=\"https:\/\/i0.wp.com\/romanschoell.com\/wp-content\/uploads\/2024\/11\/Kongress_2024-309.jpg?resize=1024%2C683&#038;ssl=1\" alt=\"\" class=\"wp-image-1435\" srcset=\"https:\/\/i0.wp.com\/romanschoell.com\/wp-content\/uploads\/2024\/11\/Kongress_2024-309.jpg?resize=1024%2C683&amp;ssl=1 1024w, https:\/\/i0.wp.com\/romanschoell.com\/wp-content\/uploads\/2024\/11\/Kongress_2024-309.jpg?resize=300%2C200&amp;ssl=1 300w, https:\/\/i0.wp.com\/romanschoell.com\/wp-content\/uploads\/2024\/11\/Kongress_2024-309.jpg?resize=768%2C512&amp;ssl=1 768w, https:\/\/i0.wp.com\/romanschoell.com\/wp-content\/uploads\/2024\/11\/Kongress_2024-309.jpg?resize=1536%2C1024&amp;ssl=1 1536w, https:\/\/i0.wp.com\/romanschoell.com\/wp-content\/uploads\/2024\/11\/Kongress_2024-309.jpg?resize=2048%2C1365&amp;ssl=1 2048w, https:\/\/i0.wp.com\/romanschoell.com\/wp-content\/uploads\/2024\/11\/Kongress_2024-309.jpg?resize=1200%2C800&amp;ssl=1 1200w, https:\/\/i0.wp.com\/romanschoell.com\/wp-content\/uploads\/2024\/11\/Kongress_2024-309.jpg?w=3000&amp;ssl=1 3000w\" sizes=\"(max-width: 1000px) 100vw, 1000px\" \/><figcaption class=\"wp-element-caption\"><strong>\u00a9<\/strong>: Marc B\u00fchrer<\/figcaption><\/figure>\n<\/figure>\n","protected":false},"excerpt":{"rendered":"<p>F\u00fcr Medienvertreter werden hier hochaufl\u00f6sende Bilder zur Verf\u00fcgung gestellt, die f\u00fcr redaktionelle Zwecke verwendet werden k\u00f6nnen. Bitte beachten Sie, dass die Bilder urheberrechtlich gesch\u00fctzt sind. Die Nutzung der Bilder ist im Rahmen der Berichterstattung \u00fcber Roman Sch\u00f6ll mit Angabe des jeweils genannten Urhebers gestattet.<\/p>\n","protected":false},"author":114833784,"featured_media":0,"parent":0,"menu_order":0,"comment_status":"closed","ping_status":"closed","template":"","meta":{"_crdt_document":"","advanced_seo_description":"","jetpack_seo_html_title":"","jetpack_seo_noindex":false,"footnotes":""},"class_list":["post-1300","page","type-page","status-publish","hentry"],"jetpack_likes_enabled":true,"jetpack_sharing_enabled":true,"jetpack_shortlink":"https:\/\/wp.me\/PevHK0-kY","jetpack-related-posts":[{"id":1852,"url":"https:\/\/romanschoell.com\/","url_meta":{"origin":1300,"position":0},"title":"Startseite","author":"RomanSchoell","date":"13. August 2025","format":false,"excerpt":"Herzlich willkommen auf meiner Website! Neuigkeiten \u00dcber mich Engagement Zur Person Podcast Freisinnig diskutiert Pressebilder","rel":"","context":"\u00c4hnlicher Beitrag","block_context":{"text":"\u00c4hnlicher Beitrag","link":""},"img":{"alt_text":"","src":"https:\/\/i0.wp.com\/romanschoell.com\/wp-content\/uploads\/2025\/08\/IMG_2960.jpg?resize=350%2C200&ssl=1","width":350,"height":200,"srcset":"https:\/\/i0.wp.com\/romanschoell.com\/wp-content\/uploads\/2025\/08\/IMG_2960.jpg?resize=350%2C200&ssl=1 1x, https:\/\/i0.wp.com\/romanschoell.com\/wp-content\/uploads\/2025\/08\/IMG_2960.jpg?resize=525%2C300&ssl=1 1.5x, https:\/\/i0.wp.com\/romanschoell.com\/wp-content\/uploads\/2025\/08\/IMG_2960.jpg?resize=700%2C400&ssl=1 2x, https:\/\/i0.wp.com\/romanschoell.com\/wp-content\/uploads\/2025\/08\/IMG_2960.jpg?resize=1050%2C600&ssl=1 3x, https:\/\/i0.wp.com\/romanschoell.com\/wp-content\/uploads\/2025\/08\/IMG_2960.jpg?resize=1400%2C800&ssl=1 4x"},"classes":[]}],"_links":{"self":[{"href":"https:\/\/romanschoell.com\/index.php?rest_route=\/wp\/v2\/pages\/1300","targetHints":{"allow":["GET"]}}],"collection":[{"href":"https:\/\/romanschoell.com\/index.php?rest_route=\/wp\/v2\/pages"}],"about":[{"href":"https:\/\/romanschoell.com\/index.php?rest_route=\/wp\/v2\/types\/page"}],"author":[{"embeddable":true,"href":"https:\/\/romanschoell.com\/index.php?rest_route=\/wp\/v2\/users\/114833784"}],"replies":[{"embeddable":true,"href":"https:\/\/romanschoell.com\/index.php?rest_route=%2Fwp%2Fv2%2Fcomments&post=1300"}],"version-history":[{"count":8,"href":"https:\/\/romanschoell.com\/index.php?rest_route=\/wp\/v2\/pages\/1300\/revisions"}],"predecessor-version":[{"id":1898,"href":"https:\/\/romanschoell.com\/index.php?rest_route=\/wp\/v2\/pages\/1300\/revisions\/1898"}],"wp:attachment":[{"href":"https:\/\/romanschoell.com\/index.php?rest_route=%2Fwp%2Fv2%2Fmedia&parent=1300"}],"curies":[{"name":"wp","href":"https:\/\/api.w.org\/{rel}","templated":true}]}}